-4
Let c(f) = 4*f**3 - f**2 - 6*f + 3. Let z = 8 + -5. Let w(a) = -3*a**3 + 5*a - 3. Let b(t) = z*w(t) + 2*c(t). Let u be b(-3). Let d(m) = 2*m - 3. What is d(u)?
-9
Let o(m) = -3 + 4 + 0*m - m. Suppose -5*l + 33 = -5*q - 47, 4*q = -2*l - 34. Let x(z) = -z**2 - 10*z + 16. Let j be x(q). What is o(j)?
-4
Let j be 1 + (0 - (-3)/3). Let m(a) = -a**2 + 0*a**2 - 3*a + j*a. Calculate m(-2).
-2
Let i(s) = -s. Let l(q) = -5*q - 2. Let o(u) = 3*i(u) - l(u). Determine o(5).
12
Let o(q) = -q**2 - q + 1. Suppose 12 = -4*c - 4*x, 2*x + 1 = x. What is o(c)?
-1
Let j = -9 + 5. Suppose -2*a = 5*b - 24, 0*b - 3*b + 2 = -5*a. Let c(f) = 2*f**a + 0 - f**2 - 5 + f. Determine c(j).
7
Let w(q) = q**3 - 4*q**2 - q + 3. Suppose 3*k = -2*k - 2*o + 9, 5*o + 21 = 2*k. What is w(k)?
-9
Let w(c) be the third derivative of c**8/6720 + c**7/315 + c**6/120 - c**5/20 + c**4/24 - 2*c**2. Let v(z) be the second derivative of w(z). Calculate v(-7).
1
Let l(p) = p**3 + 5*p**2 - 6*p - 6. Let r = -29 - -23. What is l(r)?
-6
Suppose 2*y = 3*y + j - 8, -j = 5*y - 28. Suppose -2*k + 5 = 5*n - 6, -y*n + 3*k + 21 = 0. Let s(t) = n*t - 2*t - 1 + 3. Give s(0).
2
Let w = 6 - 3. Let a(r) = -2 - r - 6*r**2 + r**w + 6*r + r. Let s be a(5). Let i(k) = 2*k - 4. Determine i(s).
2
Suppose 2*m - 6*m = -12. Let t(h) be the first derivative of -h**4/4 + 4*h**3/3 - h**2 + 2*h - 1. Give t(m).
5
Let l(z) = -z**2 - 3*z + 4. Let a be l(-5). Let y(v) be the second derivative of -v**5/20 - 7*v**4/12 - 5*v**3/6 + v. Calculate y(a).
-6
Let y(t) = -t**3 + t + 4. Let k be y(0). Let b(d) = 5 - 2*d - 3*d + k*d. Give b(4).
1
Let r(c) be the first derivative of c**3/3 + 7*c**2/2 - 4*c + 4. What is r(-8)?
4
Let u be -1 + (3 - (5 + -3)). Let g(s) = s**3 + 3*s**2 + 1. Let y(k) = -k**3 - 4*k**2 - 1. Let m(b) = 4*g(b) + 3*y(b). What is m(u)?
1
Let p = -93 + 85. Let n(x) = -x**2 - 6*x + 8. Determine n(p).
-8
Let t(l) = -l**3 - l**2 + 2*l. Let k(g) = -g**2 + 4*g + 5. Let m be k(4). Suppose m*d = -5*c + 30, -2*d + 20 = 3*d. Let z be 0/(-7) - c/1. Calculate t(z).
0
Suppose -l - n = -3, 0 = 4*l - 2*n - 2*n - 12. Let u(w) = w**2 - w**2 + 2*w - l*w**2 + w**3 - 2. Calculate u(3).
4
Let j(k) be the third derivative of -k**6/120 + 2*k**5/15 + 3*k**4/8 - 2*k**3/3 - 52*k**2. Give j(9).
-4
Suppose -2*b - 3*d = 2*d - 6, 2*b - 3*d = 6. Let t(f) = f**2 - 3*f - 5. Let y be t(b). Let v(o) = o**2 + 4*o + 4. What is v(y)?
9
Let d(t) = 9*t**3 - 7*t**2 - 7*t - 3. Let h(y) = -5*y**3 + 4*y**2 + 4*y + 2. Let k be (5/(-2))/((-2)/4). Let x(a) = k*h(a) + 3*d(a). What is x(2)?
11
Let y(d) = -4*d - 7. Let m(o) = -o + 1. Let n be m(-5). Let v(x) = 4*x + 6. Let j(q) = n*v(q) + 5*y(q). What is j(-2)?
-7
Let m = 19 + -10. Let k(o) = -14*o + 3*o + 8 + m*o. Determine k(7).
-6
Let f(v) be the first derivative of -v**5/60 + 5*v**4/24 - v**3/3 + 3. Let a(w) be the third derivative of f(w). Calculate a(5).
-5
Let n(a) = 8 + 82*a**2 + 82*a**2 + 11*a - 165*a**2. Determine n(11).
8
Let g(j) be the third derivative of 2/3*j**3 + 1/60*j**5 - 4*j**2 + 0*j + 1/6*j**4 + 0. Give g(-4).
4
Let f be 1/(-3)*(-27)/3. Let s be (8/12)/((-2)/(-3)). Let n(o) = -s + 0*o + f - o. Determine n(-5).
7
Let f(x) = -9*x**2 - 32 + 0*x + x + 26 + x**3. Calculate f(9).
3
Let i = 5 - 3. Let b(l) = 0*l**i + 4*l**2 - 4*l**3 - 6 - 6*l**2 + 7. Suppose 2*h - 2*k - 10 = -0*k, -4*k = -5*h + 21. What is b(h)?
-5
Suppose 2*w = 2 + 2. Let c(s) = 3 - 2*s**2 - s - 3*s + 5*s**2. Determine c(w).
7
Let p(v) = v + 1. Let i(f) = 5*f + 6. Let u(r) = 6*i(r) - 34*p(r). Let x(q) = -q - 1. Let z(l) = -u(l) + 3*x(l). What is z(5)?
0
Let l(j) = -5*j**3 - j**2 - j - 4. Let t(v) = -14*v**3 - 4*v**2 - 2*v - 12. Let k(z) = 17*l(z) - 6*t(z). Calculate k(6).
10
Let c(l) = 7*l**3 + 10*l**2 + 5*l + 9. Let u(h) = 4*h**3 + 5*h**2 + 2*h + 5. Let j(d) = -3*c(d) + 5*u(d). Determine j(-4).
2
Let w = 2 - -1. Let f = -2 - w. Let o(s) = s**3 + s + s**2 - 1 + 8 + 4*s**2. Give o(f).
2
Let u(s) = s**2 + 6*s - 8. Let r be (8/4 - 3) + -5. Calculate u(r).
-8
Let k(d) = -d + 1. Suppose -3*s + 5*r = -14, r + 3 = 4*s - 10. Let f(a) = -a + a + 9 - 3*a - s*a. Let c(l) = -f(l) + 9*k(l). Calculate c(-2).
6
Let f(l) = -4*l - 2. Let w be f(-1). Let g(i) = -39*i**3 - w + 40*i**3 + 2*i - i**2 + 3*i**2. Let k(c) = -c - 2. Let t be k(0). Determine g(t).
-6
Let r = 4 - 9. Let z(i) = 3*i**2 - 4. Let l(a) = -a**2 - a + 1. Let m(x) = -4*l(x) - z(x). Give m(r).
5
Suppose -2*s = 3*s - 10. Let k(a) = 3*a**2 - 4*a + 2. Let m(z) = -7*z**2 + 9*z - 4. Let p(u) = -5*k(u) - 2*m(u). Calculate p(s).
-2
Let c(f) = -f**2 - 3 + 33*f - 20*f - 16*f + 2. Determine c(-3).
-1
Let s(r) = -r - 1. Let p(k) = k**3 + 4*k**2 + k - 2. Let g(c) = p(c) - 3*s(c). Let q be g(-3). Let y(d) = d**2 + 3*d + 1. Determine y(q).
-1
Suppose 9*f - 12 = 6*f. Let w(q) be the first derivative of -2/3*q**3 + q + q**2 - 2 - 1/4*q**f. Calculate w(-2).
-3
Let c(a) = 20*a + 3. Let v(i) = -7*i - 1. Let b(z) = -3*c(z) - 8*v(z). Suppose -11 = 4*s - 3. What is b(s)?
7
Let l(y) = 4*y + 1. Let o(d) = -3*d + 4. Let a(f) = 6*f - 9. Let w(p) = 4*a(p) + 9*o(p). Let h(z) = 2*l(z) + 3*w(z). Suppose k + 2*k = -12. Determine h(k).
6
Let s(j) = 2*j - 5. Suppose -1 = -3*t + 8. Let h be (-8 - -17)*2/t. Determine s(h).
7
Let n(i) = -i**2 - 6*i - 6. Let h(g) = -2*g. Suppose -8 = -3*z + 1. Let o be h(z). Determine n(o).
-6
Suppose -2*q - 3*q = -10. Let w(n) be the second derivative of -n + 1/6*n**3 + 1/2*n**q + 0. Calculate w(-3).
-2
Let s(l) = -5*l**2 + 3*l - 1. Let w(f) = f**2 - f. Let n(d) = s(d) + 4*w(d). Let k be n(0). Let g(i) = i**2 - 1. Calculate g(k).
0
Let o(t) = -t**3 + t**2 + t + 1. Let s(d) = -3*d**3 + 8*d**2 - 3*d - 3. Let n(f) = 2*o(f) - s(f). Determine n(5).
5
Let r(w) = 2*w**3 - 3*w**2 + w - 2. Suppose -4 + 2 = -m. Let n be ((-3)/m)/(6/(-8)). Determine r(n).
4
Suppose -4*b = p - 24, -3*b + 19 = 2*p - p. Let w(h) = h**2 - 4*h - 2. Let k be w(p). Let v = 0 - k. Let g(q) = -q**3 + 4*q**2 - 2*q - 1. What is g(v)?
3
Let i(h) = -3*h + 3. Let k be -2*2/4 - 1. Let y = k + 5. Calculate i(y).
-6
Let r = -2 - -3. Let q be 3/(-3) - (r + -9). Let u(h) = h - 4. Let p be u(q). Let s(w) = w - 1. Calculate s(p).
2
Let w(p) = -p**2 - 7*p + 10. Let k be w(-8). Let d(h) = h**2 - 2 - 2*h**2 + 0*h**2 - 3*h + k*h. Determine d(0).
-2
Suppose 4 - 1 = h. Let z = 4 - h. Let x(q) = -1 - 5*q + q + 4*q - 4*q. Determine x(z).
-5
Let g(k) = 4*k + 19 + 0*k - 37 + 13. Give g(6).
19
Let q(v) = v**3 + v**2 + v + 2. Let g be q(-2). Let d(y) = y**2 + 4*y + 6. Give d(g).
6
Let a(f) be the first derivative of f**4/4 - f**3 - 5*f**2/2 + 2*f + 1. Let o be 23/5 + 3*8/(-40). Give a(o).
-2
Let j be 52/(-24) + 2/12. Let z = 6 + j. Let t(d) = -3*d**3 + 3*d**2 - 5*d + 6. Let h(a) = a**3 + a**2 - a - 1. Let w(g) = -2*h(g) - t(g). What is w(z)?
8
Suppose 4 = -2*h - 3*j, -4*h + j + j + 24 = 0. Let w(t) = -2 - 1 + 3*t + 6 - t**3 + t**2 - h. Determine w(2).
1
Let x(v) = -v**2 + 7. Let k be 2/(-5) - 16/(-40). Give x(k).
7
Let g(s) = -5*s**2 - s + 4. Let x(j) = 9*j**2 + 2*j - 7. Let d(b) = 7*g(b) + 4*x(b). Calculate d(2).
6
Let h(k) = 2*k - 8 + 0*k - 5*k + 6. Give h(-5).
13
Let i(w) = -4. Let p(g) = g + 8. Let b(z) = -5*i(z) - 2*p(z). Let y(v) = -v - 1. Let u be y(-4). Give b(u).
-2
Suppose -4*j + 12 = -0. Let x(a) = 2*a**3 + a**j + 6 - 2*a**3. Give x(0).
6
Let i(q) = -2*q. Let p(c) = c**2 - 10*c + 4. Let s be p(10). Suppose 2*j - a + 4*a = 18, 0 = 3*j + s*a - 25. What is i(j)?
-6
Suppose z - 8 = -3. Let t(i) = -3 + 0*i - i + 0. Determine t(z).
-8
Let l be 2/(-8) - 105/(-20). Let w(x) be the second derivative of 0 + x**2 + 1/20*x**5 - 1/2*x**4 + x**3 - 2*x. Give w(l).
7
Let f(w) = -w**2 + 6*w + 4. Suppose -33 = -4*u - 3*g, 4*g - 5 = u + 1. Let r be f(u). Suppose -5*m + r*q = 8, -3 + 5 = -m + q. Let z(o) = o + 9. What is z(m)?
9
Let g(z) = -2 + 0 + 0*z - z - z**2 + 3. What is g(-3)?
-5
Let m(o) = -o**2 + 7*o + 6. Let u(j) = j**3 + 5*j**2 + 3*j - 3. Let w be u(-3). What is m(w)?
12
Let o = -25 - -15. Let r = o - -7. Let b(x) be the first derivative of x**2/2 + 5*x - 1. Determine b(r).
2
Let l(v) = 4*v**2 + 2*v + 1. Let k(b) = -1 + 2*b + 5*b**2 - 4*b**3 + 5*b**3 - 8*b. Let s be k(-6). Determine l(s).
3
Let o(x) = -x**3 - 2*x**2 - 2*x + 2. Let n = 7 - 9. Calculate o(n).
6
Let g(t) be the first derivative of t**3/3 - t**2/2 - 56. Determine g(0).
0
Let a